, 587
List the prime factors of 1839480409.
13, 141498493
What are the prime factors of 628101386?
2, 11, 41, 696343
List the prime factors of 2374849564.
2, 179, 829, 4001
List the prime factors of 1150794035.
5, 53, 4342619
What are the prime factors of 118112971?
179, 659849
List the prime factors of 1393924034.
2, 29, 43, 457, 1223
What are the prime factors of 1242367513?
149, 8338037
List the prime factors of 2135299184.
2, 133456199
List the prime factors of 385888289.
385888289
List the prime factors of 2106095.
5, 281, 1499
What are the prime factors of 1594239413?
13, 17, 59, 122267
List the prime factors of 200386015.
5, 31, 1292813
List the prime factors of 335284942.
2, 1033, 162287
List the prime factors of 755035610.
2, 5, 7, 251, 877
List the prime factors of 3814356079.
17, 193, 1162559
What are the prime factors of 1986610206?
2, 3, 7, 277, 170759
List the prime factors of 8386012.
2, 307, 6829
List the prime factors of 7508840578.
2, 71, 313, 168943
List the prime factors of 6494003993.
89, 137, 532601
What are the prime factors of 7838334?
2, 3, 7, 8887
List the prime factors of 1558872138.
2, 3, 19, 31, 441107
What are the prime factors of 1936428021?
3, 11, 19559879
List the prime factors of 75660348.
2, 3, 6305029
List the prime factors of 160944622.
2, 31, 191, 13591
What are the prime factors of 185822087?
11, 17, 58453
What are the prime factors of 36251677?
7, 11, 19, 71, 349
List the prime factors of 1316963.
1316963
List the prime factors of 605934055.
5, 2531, 47881
List the prime factors of 286262032.
2, 7, 2555911
List the prime factors of 2725134407.
2725134407
List the prime factors of 1955381475.
3, 5, 26071753
List the prime factors of 943994212.
2, 7, 4816297
What are the prime factors of 25762762?
2, 43, 299567
List the prime factors of 37992921.
3, 12664307
What are the prime factors of 202954009?
6661, 30469
List the prime factors of 6108310514.
2, 23, 109, 1218251
List the prime factors of 5391757884.
2, 3, 283, 1587679
List the prime factors of 11266782.
2, 3, 1877797
List the prime factors of 79325163.
3, 326441
What are the prime factors of 14383724?
2, 179, 20089
What are the prime factors of 1735155438?
2, 3, 289192573
What are the prime factors of 38702612?
2, 13, 97, 7673
What are the prime factors of 869354945?
5, 173870989
List the prime factors of 1202226874.
2, 601113437
What are the prime factors of 48295436?
2, 7, 17, 241, 421
What are the prime factors of 3353985406?
2, 107, 2753, 5693
List the prime factors of 114582986.
2, 7, 409, 20011
What are the prime factors of 110395638?
2, 3, 787, 7793
What are the prime factors of 332754486?
2, 3, 19, 2918899
List the prime factors of 78879447.
3, 601, 4861
List the prime factors of 38833578.
2, 3, 7, 44029
What are the prime factors of 614895749?
13, 89, 531457
List the prime factors of 1104320955.
3, 5, 739, 99623
What are the prime factors of 63338126?
2, 31669063
List the prime factors of 1147810606.
2, 5843, 98221
List the prime factors of 300641402.
2, 109, 1379089
What are the prime factors of 126184541?
7, 37, 211, 2309
What are the prime factors of 3717921871?
23, 161648777
What are the prime factors of 2688793261?
7, 11, 29, 1204117
What are the prime factors of 966171964?
2, 19, 59, 215471
What are the prime factors of 68853119?
1319, 52201
List the prime factors of 132627249.
3, 107, 137723
What are the prime factors of 5585990428?
2, 5081, 274847
List the prime factors of 21013610.
2, 5, 167, 12583
What are the prime factors of 17558137?
29, 593, 1021
List the prime factors of 374885460.
2, 3, 5, 263, 7919
What are the prime factors of 2130357910?
2, 5, 1559, 136649
What are the prime factors of 394501969?
394501969
What are the prime factors of 7117728720?
2, 3, 5, 89, 333227
List the prime factors of 61998576.
2, 3, 1291637
What are the prime factors of 69517048?
2, 19, 24071
What are the prime factors of 13228256?
2, 19, 21757
What are the prime factors of 1736865427?
11, 31, 5093447
List the prime factors of 105539085.
3, 5, 781771
What are the prime factors of 118326824?
2, 7, 11, 47, 61, 67
What are the prime factors of 3307476656?
2, 11, 18792481
What are the prime factors of 49138286?
2, 31, 792553
What are the prime factors of 6631064131?
29443, 225217
What are the prime factors of 34781400?
2, 3, 5, 19, 113
What are the prime factors of 191634185?
5, 38326837
What are the prime factors of 29254938?
2, 3, 37, 131779
What are the prime factors of 1138863557?
13, 43, 139, 14657
What are the prime factors of 3446667253?
37, 677, 137597
What are the prime factors of 1032669248?
2, 13, 101, 12289
What are the prime factors of 931026373?
103, 9039091
What are the prime factors of 69586661?
17, 23, 31, 5741
List the prime factors of 2962910593.
16139, 183587
What are the prime factors of 12580194?
2, 3, 11, 41, 4649
What are the prime factors of 425312792?
2, 53164099
What are the prime factors of 632357950?
2, 5, 7, 71, 25447
List the prime factors of 287342377.
7, 19, 2160469
What are the prime factors of 377008462?
2, 188504231
List the prime factors of 2540673322.
2, 11, 41, 2816711
List the prime factors of 4155176.
2, 43, 47, 257
What are the prime factors of 85513538?
2, 11, 59, 65881
What are the prime factors of 7630625?
5, 29, 421
List the prime factors of 3561980448.
2, 3, 13, 29, 98419
List the prime factors of 29535882.
2, 3, 83, 127, 467
What are the prime factors of 111507597?
3, 458879
What are the prime factors of 4140015367?
241, 17178487
What are the prime factors of 35589412?
2, 37, 191, 1259
List the prime factors of 15711135.
3, 5, 11, 95219
What are the prime factors of 174023131?
1667, 104393
What are the prime factors of 2054840239?
31, 641, 103409
List the prime factors of 34523357.
11, 285317
List the prime factors of 58003639.
229, 241, 1051
List the prime factors of 3466842991.
109, 4507, 7057
List the prime factors of 5251629541.
5251629541
List the prime factors of 128182811.
6073, 21107
List the prime factors of 1202659854.
2, 3, 11, 18222119
List the prime factors of 484903658.
2, 242451829
List the prime factors of 838535430.
2, 3, 5, 31, 157, 5743
What are the prime factors of 71032475?
5, 139, 20441
List the prime factors of 17443838.
2, 433, 20143
List the prime factors of 36250290.
2, 3, 5, 17, 19, 29, 43
What are the prime factors of 1656645275?
5, 857, 77323
List the prime factors of 32142646.
2, 16071323
What are the prime factors of 250778596?
2, 1223, 51263
What are the prime factors of 32324010?
2, 3, 5, 31, 34757
What are the prime factors of 63627480?
2, 3, 5, 7, 3607
List the prime factors of 166625944.
2, 20828243
What are the prime factors of 26862617?
26862617
What are the prime factors of 32461062?
2, 3, 37, 146221
List the prime factors of 53729487.
3, 7, 10529
What are the prime factors of 98824354?
2, 89, 263, 2111
List the prime factors of 5752926.
2, 3, 319607
List the prime factors of 103253532.
2, 3, 23, 37, 10111
List the prime factors of 1990950623.
163, 199, 61379
List the prime factors of 2552157466.
2, 1276078733
What are the prime factors of 1362997357?
19, 71736703
List the prime factors of 286530790.
2, 5, 7, 13, 499, 631
What are the prime factors of 89720706?
2, 3, 14953451
What are the prime factors of 1531364318?
2, 11, 17, 19, 215503
List the prime factors of 49202301.
3, 17, 31, 31121
List the prime factors of 1081109404.
2, 12503, 21617
What are the prime factors of 4840701447?
3, 1613567149
List the prime factors of 62249451.
3, 11, 1886347
List the prime factors of 35432239.
35432239
What are the prime factors of 46928226?
2, 3, 7821371
What are the prime factors of 32020952?
2, 59, 179, 379
What are the prime factors of 1175442421?
1175442421
What are the prime factors of 21547165?
5, 4309433
List the prime factors of 129291706.
2, 2399, 26947
What are the prime factors of 1516789804?
2, 223, 1700437
What are the prime factors of 463141854?
2, 3, 7, 47, 131, 199
What are the prime factors of 1684056277?
1619, 1040183
What are the prime factors of 1396354346?
2, 19, 36746167
What are the prime factors of 34713965?
5, 11, 13, 47, 1033
List the prime factors of 1162372410.
2, 3, 5, 4305083
List the prime factors of 229624035.
3, 5, 37, 413737
List the pri